et f(w) = j*t(w) - 6*v(w). What is the remainder when f(-1) is divided by 12?
10
Let f = -18 + 183. Calculate the remainder when f is divided by 46.
27
Let t = 305 - 258. Calculate the remainder when 100 is divided by t.
6
Let y be 3*1 - (8 + -5). Let m be 3 + y/(-1) + 2. Suppose m*g - 4*g - 30 = 0. Calculate the remainder when g is divided by 11.
8
Let p = 17 + 49. Let j = p + -42. Calculate the remainder when j is divided by 9.
6
Let c = 289 + -199. Let s = c + -77. Calculate the remainder when s is divided by 3.
1
Let g be (-348)/(-8)*(4 + (-24)/(-9)). Suppose -r + 49 = 4*i, -3*i + 8*i = -5*r + g. Calculate the remainder when r is divided by 16.
13
Suppose 9*w - 14 = 4. Suppose 5*i - 3*k = 41 + 369, -w*i - k = -153. Calculate the remainder when i is divided by 20.
19
Let z(y) = 2*y**3 + 19*y**2 + 10*y + 17. What is the remainder when z(-8) is divided by 33?
30
Let x(h) = h**3 + 5*h**2 + 3*h - 5. Let m be x(-4). What is the remainder when 3 + m - (-7 - 47) is divided by 20?
16
Suppose 4*z - 75*t + 77*t = 132, 4*z - 138 = t. What is the remainder when 71 is divided by z?
3
Suppose -q - 81 = -3*t, -q + 23 = -5*t + 6*t. What is the remainder when t*3 + 0/(-1) is divided by (10*(-35)/336 - 3/(-8))*-30?
18
Let b(c) = -14*c + 10. Let d = 66 + -40. Suppose d - 6 = u. Calculate the remainder when b(-2) is divided by u.
18
Suppose -3*l + 4*z = -172, -2*z + 144 = 3*l + z. What is the remainder when l is divided by 11?
8
Let u(s) = 77*s + 1. Suppose 140*t - 2336 + 96 = 0. Calculate the remainder when u(1) is divided by t.
14
Let o(b) = -81*b**3 + 2*b**2 + 2*b + 2. What is the remainder when o(-1) is divided by 32?
19
Suppose 2017 = 18*p + 1459. Suppose -17 - 13 = -2*x. Suppose 2*n = 4*h - 5 + x, 56 = 4*n + 4*h. What is the remainder when p is divided by n?
9
Let b = -80 - -110. What is the remainder when b is divided by 27?
3
Let h(r) = 20*r - 24. Calculate the remainder when 350 is divided by h(2).
14
Let h be (1 + -1 + 2)/(1 - 0). Suppose 3*r = h*r + 88. Suppose -8*k + 3*u = -3*k - 162, -u = 4. Calculate the remainder when r is divided by k.
28
Let m = 118 + 35. Suppose -m = -2*u - 39. What is the remainder when u is divided by 15?
12
Let y(h) = 44*h - 10. Let b(v) = -v**2 - 13*v - 27. Let x be b(-10). What is the remainder when y(x) is divided by 25?
22
Suppose 5*m + 188 = 3*j - 646, 3*j + 3*m - 834 = 0. Calculate the remainder when j is divided by 71.
65
Let s(n) = n**2 - 5. Let r be s(-6). Suppose -o = -85 + r. Let q = -7 + o. What is the remainder when q is divided by 16?
15
Let y(c) = -8*c + 34. Let l be y(-9). Suppose v - 68 = -2*w - v, 4*w = 2*v + l. What is the remainder when w is divided by 8?
5
What is the remainder when 357 is divided by (-57)/(-15)*10/2?
15
Suppose -28 + 351 = 19*c. What is the remainder when 30 is divided by c?
13
Suppose -21 = 12*n - 153. What is the remainder when 31 is divided by n?
9
Calculate the remainder when 565 is divided by (-27)/((-16 + 17)/(7/(-3))).
61
Let x(i) = i**2 + 5*i + 8. Let b = 24 - -39. What is the remainder when b is divided by x(-5)?
7
Calculate the remainder when 577 - (80/(-280) - 32/(-14)) is divided by 72.
71
Calculate the remainder when ((-3)/12*-134)/((-1)/(-6)) is divided by 23.
17
Suppose 2*q = -q + 12, 3*r - 3*q - 36 = 0. Suppose -2*u + r = 4. Suppose -5*p + 3*p = -6. What is the remainder when u is divided by p?
0
Suppose b + 3*v - 33 = 0, 4*b - 2*v + 0*v = 104. Let g = b - 15. What is the remainder when 31 is divided by g?
7
Suppose 3*h + 9 = 0, 5*p - 4*h - 2959 + 1082 = 0. Calculate the remainder when p is divided by 126.
121
Suppose 3*q = 2*c + 1302, -3*q + 5*c + 966 = -345. Calculate the remainder when q is divided by 29.
26
Let b(a) = -a**2 + 38*a + 216. Calculate the remainder when b(39) is divided by 18.
15
Let x(b) = b + 18. Let v be x(0). Let h = -13 + v. Suppose -h*o - 4*s = -71, o = -o - 2*s + 30. Calculate the remainder when 30 is divided by o.
8
Suppose 27*y - 1173 - 8952 = 0. Calculate the remainder when y is divided by 96.
87
Suppose 17*c + 30 = 744. Calculate the remainder when 121 is divided by c.
37
Let v be (1 - -42)*-1*(2 + -3). Suppose 5*i = -t + v, -i - 142 = -3*t + 35. Let m(u) = -4*u**3 - 3*u**2. Calculate the remainder when t is divided by m(-2).
18
Let b be ((-2)/(-2))/((-20)/(-100)). Suppose -3*i + b + 142 = 0. Calculate the remainder when i is divided by 10.
9
Let b(f) = 15*f + 3. Let i(r) = 14*r + 3. Let a(w) = 2*b(w) - 3*i(w). Calculate the remainder when 40 is divided by a(-1).
4
Let u = 20 - 12. What is the remainder when 26 is divided by u?
2
Let r(a) = a**3 - 3*a**2 + 3*a - 5. Let m be r(3). Suppose q + m - 9 = 0. What is the remainder when 13 is divided by q?
3
Let x(h) = 9*h**2 - 5*h - 50. What is the remainder when x(-6) is divided by 51?
49
Let w be 4 + -7 - -1 - 9. Let m(c) = -25*c - 43. Calculate the remainder when m(w) is divided by 39.
37
Let h = -54 + 80. Let v = 906 + -899. Calculate the remainder when h is divided by v.
5
Let v(u) = 8*u**2 - 3*u + 8. Suppose -7*p = -2*p - 1015. Calculate the remainder when p is divided by v(2).
33
Suppose 3*l + 18 = 3, 0 = h - 3*l - 44. Let w = -19 + h. Calculate the remainder when w is divided by -3*16/(-12) - -2.
4
Suppose 11*i + 20 = 21*i. Calculate the remainder when i is divided by 1.
0
What is the remainder when (6/2 - -1) + 2 is divided by 5*(4/(-50) + (-1377)/(-1275))?
1
Suppose 3*h = 3*o - 0*h, 0 = 3*h + 9. Let m(b) = b**3 + 16*b**2 + 47*b. What is the remainder when (-207)/6*4/o is divided by m(-12)?
10
Suppose -3*l + 417 = 6. What is the remainder when l is divided by 20?
17
Let w = 152 + 50. Suppose -c = 2*f - 0*f - 46, 5*c + 3*f - w = 0. What is the remainder when c is divided by 13?
12
Suppose -j = 5*z + 7 + 1, j + 4*z + 6 = 0. What is the remainder when 16 is divided by j*5/(-15)*3*-3?
4
Suppose 2*m + 5*u = 3*m - 54, -3*m + 182 = -5*u. Let i be (-204)/21 + 2/(-7). What is the remainder when m is divided by (i + 7)/(-2 + (-41)/(-22))?
20
Let f be (-6)/(-2) + 4 + -3. Suppose 9*z - f*z - 130 = 0. Let u = 12 - 5. What is the remainder when z is divided by u?
5
What is the remainder when 2/1 - (-4)/4*57 is divided by 12?
11
Let n = -11 - -24. Suppose 5*l + 0*l - 2*v - n = 0, 1 = v. What is the remainder when 49 is divided by l?
1
Let l(y) = -y**3 + 4*y**2 + 6*y - 10. Calculate the remainder when 475 is divided by l(4).
13
Let j = 706 + -681. Calculate the remainder when 84 is divided by j.
9
Suppose -5*h = -5*i - 205 - 255, 5*h = -5*i + 490. Suppose -f + 45 = 3*p, 5*f - p + 2*p = 169. What is the remainder when h is divided by f?
29
Let m be 13/3 - 1/3. Suppose 5*n + 58 = m*s - 60, 2 = n. Calculate the remainder when 667/7 + (72/63)/(-4) is divided by s.
31
Let j = -27 + 39. Calculate the remainder when 51 is divided by ((-81)/12)/(j/(-32)).
15
Let a(b) = 14*b**2 - 4*b + 2. Calculate the remainder when 58 is divided by a(1).
10
Suppose -56*c + 5964 = -8204. What is the remainder when c is divided by 70?
43
Let f(s) = -2*s**3 + 5*s**2 - 5*s + 4. Let p be f(3). Let g = p - -34. What is the remainder when (-1)/(-3)*-13*-9 is divided by g?
11
Let t = 168 - 88. What is the remainder when t is divided by 28?
24
Suppose k + 88 = 1341. What is the remainder when k is divided by 6?
5
Suppose -1208 + 53 = 5*u. Let d = u - -373. What is the remainder when 27 is divided by 6/(-42) - d/(-14)?
7
Let o = -47 + 120. Suppose 5*s - 55 = 290. Suppose -6 - s = -3*h. What is the remainder when o is divided by h?
23
Let k(b) = -b**2 - 30*b + 52. What is the remainder when 62 is divided by k(-31)?
20
Let k(f) = f**2 - 8*f + 4. Let m be k(8). Suppose r = m*r - 12. What is the remainder when 53 is divided by r + 25 - 1/1?
25
Suppose 3*o + j = -0*j + 1, 0 = 3*o + 5*j - 17. Let y be ((-14)/7)/(o + 3). Calculate the remainder when 31 is divided by -17*1*y/1.
14
Let b = -1319 + 1324. Let y be -4*-3*(1 + 0). Suppose 0 = -2*d - y + 46. Calculate the remainder when d is divided by b.
2
Let r = -851 + 959. Calculate the remainder when 329 is divided by r.
5
Let t(i) = 25*i - 150. What is the remainder when t(23) is divided by 71?
70
Let n(k) = 7*k. What is the remainder when 47 + (-9)/(-27)*1*-3 is divided by n(1)?
4
Suppose 9*w = 2966 + 31. What is the remainder when w is divided by 84?
81
Let u = 1196 + -1193. Suppose 3*z = 